) be the first derivative of n**2 + 17*n + 38. What is the units digit of i(d)?
7
Let h = -33 + 116. Suppose h = b - 33. What is the tens digit of b?
1
Let m(o) be the first derivative of 2*o**3/3 - 11*o**2/2 - 6*o + 5. Let h(r) = -5*r - 2. Let k be h(-2). What is the units digit of m(k)?
4
What is the hundreds digit of 183870/330 + (12/22)/(-3)?
5
Suppose 2*k - 5*b = 6622, -7*k - 4*b - 3317 = -8*k. What is the hundreds digit of k?
3
Let u(l) = 2*l**2 - 18*l + 9. What is the tens digit of u(19)?
8
Let h = 22 - 36. What is the tens digit of 5/35 + (-2602)/h?
8
What is the hundreds digit of (2 + -1767)*(5 - (-216)/(-40))?
7
What is the tens digit of (57/38)/((-6)/(-18160))?
4
Suppose -18*d + 17*d + q = -209, 2*d - 3*q - 421 = 0. What is the hundreds digit of d?
2
Let j be (-10)/(((-2)/28)/(2/8)). Let m = j + -28. What is the units digit of m?
7
Suppose 5*d + 0*d = 40. Suppose 18 = 6*t - 4*t. Suppose 13*q - d = t*q. What is the units digit of q?
2
Let g(o) = 11*o - 4. Let a(q) = -6*q + 2. Let r(j) = -7*a(j) - 4*g(j). Let v be -1 - -2 - 4/2. What is the units digit of r(v)?
4
Let v = 466 - -387. What is the units digit of v?
3
Suppose w = 1, 0*g + 3*g + 4*w = -299. Let k = g - -274. What is the hundreds digit of k?
1
Suppose 4*p - 2*v = -32, -p + 4*v = -2*p - 26. Let g(u) = -u**3 - 12*u**2 - 22*u + 12. What is the units digit of g(p)?
2
Let h = 11 - 10. Let n be (-10)/((-2)/(h*-4)). Let o = n + 50. What is the units digit of o?
0
Let d = -3 + 3. Suppose -5 = -q - 2*r, -2*r + d*r = -6. Let o = q + 16. What is the tens digit of o?
1
Let y(t) = -725*t**2 + 4*t - 11. Let n(b) = -363*b**2 + 2*b - 5. Let p(h) = -5*n(h) + 2*y(h). Let u be p(1). What is the tens digit of (-26)/91 - u/(-7)?
5
Let o = 69 - 158. Let n = o + 211. What is the tens digit of n?
2
Suppose 2*k + 392 = -5*d, k + 3*k - 230 = 3*d. Let c = -135 - d. Let j = -3 - c. What is the tens digit of j?
5
Let u = -272 + 491. What is the tens digit of u?
1
Let d = 98 + -80. Suppose -d*f = -4018 + 94. What is the hundreds digit of f?
2
Suppose 4*p - 2*i - 350 = 0, -2*i = 3*p - 4*p + 83. Suppose -r - 4*y = -6, 0 = -8*r + 4*r - 3*y + p. What is the tens digit of r?
2
Let n(d) = -46*d - 84 + 171 - 86. What is the units digit of n(-2)?
3
Suppose -4 = -r - r. Suppose 3*j = r*j + 3, 120 = 3*x - 2*j. What is the tens digit of x?
4
Let z be 2 - (-2 - 5*-4). Let w = z - -24. Suppose 4*g = 3*g + w. What is the units digit of g?
8
Let c = -3 + -27. Let n = -84 - c. Let h = -33 - n. What is the units digit of h?
1
What is the tens digit of (1 + (-137)/3)*-3?
3
Let u(k) be the second derivative of -1/12*k**4 + 7*k - k**3 + 0 + 0*k**2. What is the units digit of u(-5)?
5
Suppose -2598*h - 35750 = -2611*h. What is the thousands digit of h?
2
Let o(l) = l**3 + 15*l**2 - l - 14. Let q be o(-15). Let j be (-18)/(-9) - (45 + q). What is the tens digit of j/(12/(-3) - -2)?
2
Suppose 3*y - 126 = 1296. What is the tens digit of y?
7
Let a = -423 - -1418. What is the hundreds digit of a?
9
Let v(y) = y**3 - 5*y**2 + 3*y + 8. Let c = -18 - -3. Let d = c + 21. What is the units digit of v(d)?
2
Let c be -30*((-345)/(-6))/(-5). Suppose -5*m + c = 3*u - 4*m, 0 = -4*u - 3*m + 465. What is the tens digit of u?
1
Suppose 6*s - 18 = 9*s. Let d = s - -10. Suppose -5*w + 26 = -d. What is the units digit of w?
6
Let t = -341 - -3796. What is the thousands digit of t?
3
Let j = 51 - 50. What is the units digit of -3 + (j*100 - -1 - 1)?
7
Suppose -34*s + 52835 = -2381. What is the tens digit of s?
2
Let w(d) = d**2 + 6*d - 4. Let u be w(-6). Let q(z) be the third derivative of -z**4/3 - z**3/3 - 4*z**2. What is the units digit of q(u)?
0
Let m(o) = 8*o**3 - 5*o**2 + 8*o - 9. What is the tens digit of m(4)?
5
Suppose -18*z = -16*z - 2304. What is the tens digit of z?
5
Let t(o) = 36*o**3 - 3*o**2 - 2*o. Let n be t(-1). Let z = n + 386. What is the units digit of z?
9
Suppose -g - 4*g + 25 = 0. Suppose -2*o = -g*o + 15. Suppose n - 6 = -3*s + 2, 94 = 3*n - o*s. What is the units digit of n?
3
Suppose -m = g - 2518, -5*m = -1 - 24. What is the units digit of g?
3
Let a(s) = -6*s**3 - 3*s**2 - 24*s - 93. What is the thousands digit of a(-6)?
1
Let q = -2 + 9. Suppose 5*p = q*p - 30. What is the tens digit of p?
1
Let m = -23 - -23. Suppose m = -0*a + 2*a - 6. Suppose -13 = -2*p - 0*p + i, 4*i = -a*p + 3. What is the units digit of p?
5
Let t = 226 - 364. What is the units digit of 45/60 - t/8?
8
Suppose -3*r + 12 = r. Suppose 2*b = r*b - 51. What is the units digit of b?
1
Let r(v) = -7*v + 4. Let q(w) = -w**3 + 9*w**2 - 10*w + 10. Let o be q(8). Let i be r(o). Let g = i - 12. What is the tens digit of g?
3
Let g = 862 - 614. Suppose 2*w - g = -14. Suppose -91 = -3*x - 4*d, 5*x - 5*d = -3*d + w. What is the tens digit of x?
2
Suppose -4*g + 3*d + 1371 = 0, g - 2*d - 231 - 108 = 0. What is the hundreds digit of g?
3
Let h(w) = 36*w - 13. Let x(v) = v - 1. Let a(f) = -h(f) - 3*x(f). What is the units digit of a(-4)?
2
Suppose 10*x = 11*x. What is the tens digit of x - (-2 + 244/(-4 + 0))?
6
Let z(n) = -n**3 - 11*n**2 + 3*n + 2. Suppose -23 = 2*d - 1. Let j be z(d). Let s = -11 - j. What is the units digit of s?
0
Let j be (-3)/(-3)*(-5 - -2). Let m be -8*(j/(-4) + 0). What is the units digit of (-99)/3*4/m?
2
Let k be (-41)/(-3) - 6/(-18). Suppose -7*n + 3*n = -3*j - k, 0 = -2*n + 2*j + 8. Suppose z - 2*g = -3 + n, z = -3*g + 19. What is the units digit of z?
7
Let k(n) = -1163*n + 154. What is the units digit of k(-2)?
0
Let r = -33 - 2. What is the units digit of -7*10/r + 0 + 99?
1
Let w = 776 - 1472. What is the units digit of ((-4)/4)/(2787/w - -4)?
2
Let l be (-42)/27*12*(1 + -10). Suppose 0 = -5*x + l + 317. What is the tens digit of x?
9
Suppose -4*r + 6*r = -340. Let t = -105 - r. Let w = t + -7. What is the tens digit of w?
5
Let s be (-36)/(-10) + (-10)/(-25). Let d(j) = j**3 - 5*j**2 + 6*j - 1. Let g be d(s). Let c = -4 + g. What is the units digit of c?
3
Suppose -t - 5*x + 1230 = -4*t, t + 5*x = -410. Let i = -283 - t. What is the units digit of i?
7
Suppose -13*y + 25464 + 6464 = 0. What is the tens digit of y?
5
Suppose -4*p = 4, -3*z + 289 + 46 = -2*p. What is the hundreds digit of z?
1
Let u be (-10)/(-1) + 3/(-1). Suppose -u*z + 255 = -4*z. Suppose z + 27 = 2*m. What is the tens digit of m?
5
Suppose -21*d = -7145 - 41113. What is the thousands digit of d?
2
Let u(z) = 64*z**3 - z**2 + 3*z - 2. Let q be u(2). Suppose 7*y = -y + q. What is the units digit of y?
4
What is the hundreds digit of ((-37760)/(-400))/((-2)/(-5))?
2
Suppose -6*o = -1247 + 173. What is the tens digit of o?
7
Suppose -5*q - 27 = -t, 2*q - 19 = -2*t + 5*q. Suppose -k - t = -13. Suppose -5*c = j - k, -3*c + 5*j + 0 + 1 = 0. What is the units digit of c?
2
Let x(u) be the second derivative of -4*u + 0 + u**2 - 8/3*u**3. What is the units digit of x(-1)?
8
Suppose -3*x = -5*f + 3380, -x + 5 = 10. What is the tens digit of f?
7
Let m(b) = 5*b**2 - b + 2. Let d be m(1). What is the units digit of (-4)/d + (-467)/(-3)?
5
Let d be ((-155)/15)/(1/3). Let c be 3 + (-3 - -3) + -1. What is the tens digit of (c + -1)*2 - d?
3
Let x = -154 + 256. What is the tens digit of x?
0
Let n = -8 + 4. Let k be 4 + (n - -5)*0. What is the units digit of (-1292)/(-52) + k/26?
5
Let r = 5348 + -2967. What is the units digit of r?
1
Suppose -q - 3*q - 1291 = -5*b, -520 = -2*b - 2*q. What is the units digit of b?
9
Let p(s) = 2*s + 3. Let r(b) = -7*b - 12. Let q(m) = 9*p(m) + 2*r(m). What is the units digit of q(7)?
1
Let y = -105 + 105. Suppose n + 5*n - 384 = y. What is the units digit of n?
4
Suppose 3*x - 4*r - 3085 = 0, -3*x = 4*r - 2390 - 687. What is the tens digit of x?
2
Let b = -10 + 15. Suppose 3*u - 349 = h - 5*h, -603 = -b*u + 4*h. What is the hundreds digit of u?
1
Let j(w) = 2*w**3 + 5*w**2 - 2*w - 2. Let y be j(-4). What is the tens digit of 4/(-14) + (-3246)/y + 1?
7
Let x = 2 + 65. What is the tens digit of x + (8 - 3) + -1?
7
Suppose -69*j - 1440 = -73*j. What is the hundreds digit of j?
3
What is the units digit of ((-12)/8)/((-6514)/(-1304) + -5)?
6
Let c(p) = p**2 - 4*p + 10. Let r be c(6). Suppose 0 = -r*a + 16*a + 636. What is the tens digit of a?
0
Let t = -888 + 2570. What is the tens digit of t?
8
Let x = 736 - 382. What is the units digit of